{"id":91,"date":"2014-06-10T15:14:27","date_gmt":"2014-06-10T13:14:27","guid":{"rendered":"http:\/\/www.zur-sonne-kirchhain.de\/?page_id=91"},"modified":"2022-11-09T09:00:06","modified_gmt":"2022-11-09T07:00:06","slug":"ueber-uns","status":"publish","type":"page","link":"https:\/\/www.zur-sonne-kirchhain.de\/","title":{"rendered":"\u00dcber uns"},"content":{"rendered":"<h4>Gepflegte Gastlichkeit ..<\/h4>\n<p>Unsere in stilvoller und gem\u00fctlicher Atmosph\u00e4re eingerichteten 11 Doppel- und 3 Einzelzimmer und 3 Suiten sind alle mit Dusche, WC, Telefon und Fernseher ausgestattet. Im ganzen Haus bieten wir WLAN Empfang f\u00fcr ungest\u00f6rtes Arbeiten.<br \/>\nZum geselligen Teil Ihres Aufenthalts bietet unser Gasthaus ein stimmiges, sch\u00f6nes Restaurant, eine gem\u00fctliche Bar und eine Terrasse f\u00fcr die Sonnenstunden im Jahr.<\/p>\n<p>Bei uns werden Sie sich rundum wohlf\u00fchlen!<\/p>\n","protected":false},"excerpt":{"rendered":"<p>Gepflegte Gastlichkeit .. Unsere in stilvoller und gem\u00fctlicher Atmosph\u00e4re eingerichteten 11 Doppel- und 3 Einzelzimmer und 3 Suiten sind alle mit Dusche, WC, Telefon und <\/p>\n<p><a href=\"https:\/\/www.zur-sonne-kirchhain.de\/\" class=\"button2\">Read More &raquo;<\/a><\/p>\n","protected":false},"author":2,"featured_media":0,"parent":0,"menu_order":0,"comment_status":"closed","ping_status":"closed","template":"","meta":[],"_links":{"self":[{"href":"https:\/\/www.zur-sonne-kirchhain.de\/index.php?rest_route=\/wp\/v2\/pages\/91"}],"collection":[{"href":"https:\/\/www.zur-sonne-kirchhain.de\/index.php?rest_route=\/wp\/v2\/pages"}],"about":[{"href":"https:\/\/www.zur-sonne-kirchhain.de\/index.php?rest_route=\/wp\/v2\/types\/page"}],"author":[{"embeddable":true,"href":"https:\/\/www.zur-sonne-kirchhain.de\/index.php?rest_route=\/wp\/v2\/users\/2"}],"replies":[{"embeddable":true,"href":"https:\/\/www.zur-sonne-kirchhain.de\/index.php?rest_route=%2Fwp%2Fv2%2Fcomments&post=91"}],"version-history":[{"count":11,"href":"https:\/\/www.zur-sonne-kirchhain.de\/index.php?rest_route=\/wp\/v2\/pages\/91\/revisions"}],"predecessor-version":[{"id":519,"href":"https:\/\/www.zur-sonne-kirchhain.de\/index.php?rest_route=\/wp\/v2\/pages\/91\/revisions\/519"}],"wp:attachment":[{"href":"https:\/\/www.zur-sonne-kirchhain.de\/index.php?rest_route=%2Fwp%2Fv2%2Fmedia&parent=91"}],"curies":[{"name":"wp","href":"https:\/\/api.w.org\/{rel}","templated":true}]}}